 h?
20
Let s be (-50)/(-15)*168/20. What is the highest common divisor of s and 448?
28
Let i(x) = -x**2 + 4*x - 1. Let q be i(5). Let d(z) = 4*z + 15. Let h be d(q). Let f be 36 - h - (1 + 0). What is the greatest common divisor of f and 11?
11
Let w = -663 - -690. What is the greatest common factor of 252 and w?
9
Let p(h) = 2*h - 1. Let g be p(5). Let k = g + -2. Suppose -5*t = 15, -f - k*t = -4*t - 90. What is the greatest common divisor of f and 11?
11
Suppose -4*a + 3*a = -107. Suppose 0 = 2*d - 2, -4*s + 8*s = d + a. What is the greatest common factor of s and 162?
27
Suppose 2*q + 16 - 22 = 0. Calculate the greatest common factor of q and 1.
1
Let p(m) = m**2 - 10*m + 6. Let i be p(10). Suppose -185 = l - i*l. Suppose 3*n = 2 + l. Calculate the greatest common factor of 104 and n.
13
Let d(m) = -4*m + m + 9 + 4*m. Let y be d(0). Suppose -4*q = j - 14, q = -2*q + y. What is the highest common factor of j and 14?
2
Let y(i) = i + 5. Let l be y(15). Let f be (-3)/(6/l) - 3. Let a = f - -22. Calculate the greatest common factor of a and 1.
1
Let m(d) = 9 - 5*d - 4 + 2. Suppose 43 + 17 = -5*l + 5*h, -3*l + 4*h - 39 = 0. Let w be m(l). What is the highest common divisor of w and 78?
26
Let l = -98 - -86. Let b be -10*((-5)/2)/1. Let s = l + b. What is the greatest common divisor of 65 and s?
13
Let m = 58 + 19. Suppose 4*y = -25 + m. Let i(h) = -h**3 + 8*h**2 + 2*h + 7. Let s be i(6). What is the highest common divisor of s and y?
13
Let w(k) = 6*k**2 - 19*k + 58. Let p be w(24). Calculate the highest common factor of 22 and p.
22
Let w(j) = -4*j - 24. Let q(p) = 3*p + 24. Let n(d) = -5*q(d) - 4*w(d). Let b be n(0). Let y = -9 - b. What is the highest common factor of 3 and y?
3
Let u = 1393 + -964. What is the highest common factor of u and 33?
33
Suppose 2*r = -3*r + 70. Let x be (-4)/6*63/(-6). Let i(m) = -m**2 + 8*m + 7. Let q be i(x). Calculate the highest common factor of r and q.
14
Let c(t) = -6*t - 2. Let k(q) = 2*q**2 - 12*q - 1. Let r be k(6). Let i be c(r). Calculate the highest common factor of 2 and i.
2
Let b(j) = -j**3 + 7*j**2 + 13*j + 17. Let o be b(8). What is the highest common factor of o and 6?
3
Let w be (-7815)/(-12) + (-220)/176. What is the highest common divisor of 5 and w?
5
Suppose n - 1 = -2*a, -2*a - 3*n + 3 = -a. Suppose x = t - 13, -25 = -2*t - a*t + x. Let s = -4 + t. What is the highest common factor of s and 88?
8
Suppose 0 = -4*c - 16, 0*x + 3 = -x - c. Let o be 4 - -18 - 4/(-2). Let s = o - 16. What is the greatest common factor of s and x?
1
Let n(i) = i**2 + 12*i - 136. Let h be n(-23). Calculate the greatest common factor of h and 65.
13
Let y = -633 - -1200. Calculate the greatest common divisor of y and 21.
21
Let i be -10 - (-36)/(-30)*-10. Calculate the highest common factor of 67 and i.
1
Let r be 189/(-126) + (-63)/(-2). What is the greatest common divisor of 270 and r?
30
Suppose 3536 = 235*r - 219*r. What is the highest common divisor of 68 and r?
17
Suppose -5*o - 7*i + 136 = -9*i, -93 = -3*o + 5*i. Calculate the highest common divisor of o and 6.
2
Suppose -2*o = -4*a + 76, 95 = 5*a + 5*o - 6*o. Let r = -394 - -231. Let j = -125 - r. Calculate the greatest common divisor of a and j.
19
Let q = 35 + -11. Let w(k) = 401*k**2 + k + 2. Let c be w(-1). Suppose 460 + c = 4*g - a, 0 = -3*a + 6. What is the greatest common factor of q and g?
24
Suppose -5*z + 43 = -3*c, -8*c = -2*z - 12*c + 38. What is the highest common divisor of z and 55?
11
Let o(w) = -w + 5. Let a be o(-7). Suppose -93 = -19*t - 17. Calculate the highest common factor of t and a.
4
Let q be 6/(-4)*(-800)/(-60). Let f = q - -25. Suppose -w = -4*s + 162, -4*s + 0*w = f*w - 150. Calculate the highest common divisor of 16 and s.
8
Suppose 3*v = -4*n + 60, 0 = 4*v - 9*v + 3*n + 129. What is the highest common divisor of v and 136?
8
Suppose -363 = -3*u - 3*m, -2*m = 2*u + u - 364. Suppose 166 + u = 9*v. What is the greatest common divisor of v and 80?
16
Let t = -42 + 44. What is the greatest common factor of t and 26?
2
Suppose 0*u + 4*u - 788 = 4*z, -u = 4*z - 207. Let k = -240 - -125. Let f = k + u. Calculate the highest common factor of 12 and f.
12
Let o be (-3 - (1 - 4)) + (2 - -79). Suppose 27 + o = 4*w. What is the greatest common divisor of 297 and w?
27
Suppose -x + u - 67 = -2*x, 5*x = 4*u + 353. What is the highest common factor of x and 9?
3
Let i = -428 - -440. Calculate the highest common factor of 360 and i.
12
Suppose 2*i + 34 = 24, 5*v = 3*i + 140. Calculate the greatest common divisor of v and 25.
25
Let v = 580 + -530. Calculate the greatest common factor of 320 and v.
10
Let k = -22 - -37. Let i(y) = 5*y + 1. Let d be i(k). Calculate the highest common divisor of d and 38.
38
Let x(b) = -b**2 - 11*b + 20. Let f be x(-6). Suppose 3*q - i = f, 3*i + 30 = -0*q + q. Calculate the greatest common factor of q and 60.
15
Let c be -8 - -2 - (-15 - 7). Let j = 4 + 36. Calculate the greatest common divisor of c and j.
8
Suppose 130 = 5*g - 0*g. Suppose -2860 = -21*a + 11*a. What is the greatest common divisor of g and a?
26
Let w(a) be the third derivative of a**4/24 + a**3/6 + a**2. Let c be w(5). Suppose -c*f = -f - 40. What is the greatest common divisor of 88 and f?
8
Suppose 0 = 3*n - 808 + 214. Let d = -162 + n. Calculate the greatest common factor of d and 36.
36
Suppose 81*d = 90*d - 1692. Suppose -5*k + 309 = 74. What is the greatest common divisor of d and k?
47
Suppose 122 + 3658 = 6*f. Calculate the greatest common factor of 90 and f.
90
Suppose -13*r + 360 = -186. What is the highest common factor of 525 and r?
21
Let i(x) = -x**2 - 11*x - 1. Let g be i(-9). Let z = 43 - g. Let o be (-392)/(-6) - 4/12. Calculate the highest common divisor of z and o.
13
Suppose -2*x - 3*h = -39, 65 = -0*x + 5*x + h. Suppose -3946 = 9*f - 5134. Calculate the highest common factor of x and f.
12
Let r = -15 + 6. Let c = r - -20. What is the highest common divisor of c and 22?
11
Suppose -3*i - 6 = 0, -336 = 3*j - 8*j + 3*i. Let o = 111 + -109. Suppose 3*p = 4*z - 76, -33 = -o*z - p + 15. What is the greatest common factor of z and j?
22
Suppose 0 = 3*y + y - 128. Let m be 8 + (-30)/(-5) + 210. Calculate the highest common factor of m and y.
32
Let p(x) = x**2 + 11*x + 2. Let h be p(-11). Let d be -5*2*h/(-4). Calculate the highest common factor of 15 and d.
5
Suppose 2*d + 5*j = d - 9, 0 = -2*d - 4*j + 12. Let z be -1 - (-113 + 0/(-1)). Let u be -3 + (2 - -1) + z. What is the greatest common factor of d and u?
16
Let c be ((-1508)/(-14))/(1/7). What is the highest common factor of 58 and c?
58
Let s be (-8)/20 - 8/5. Let d be 64/12*(-33)/s. What is the greatest common factor of d and 22?
22
Suppose 0 = -2*f + 22*f - 200. Suppose 5*w = 3*w + 260. What is the greatest common factor of f and w?
10
Suppose 4*n = -3*y - 2*y - 106, 3*n + 5*y + 82 = 0. Let i be n/204 - (-310)/34. What is the greatest common factor of 72 and i?
9
Let b be 1*(3 + 1 + 3). Suppose b*v - 12 = 4*v. Suppose -v*m = -7*m - d + 137, -4*d = 4*m - 188. Calculate the greatest common factor of 5 and m.
5
Let y be (33 - -1) + (-7 - (-30)/6). Calculate the greatest common divisor of 32 and y.
32
Suppose -4*j + 4*c - 4 = 0, -2*c = -4*c + 10. Suppose 5*l = a - 20, 0 = a + 3*a - j*l - 160. Calculate the highest common factor of 15 and a.
15
Let r(y) = -y**2 - 6*y + 33. Let v be r(-9). What is the highest common factor of 2 and v?
2
Let p(o) = o**3 + 11*o**2 - 2*o - 5. Let m be p(-11). Suppose s - m = -1. What is the greatest common divisor of 1 and s?
1
Suppose 0 = -9*o + 544 - 310. Calculate the greatest common factor of o and 26.
26
Let l be ((-51)/4)/(21/84). Let g = -23 - l. What is the highest common divisor of g and 112?
28
Suppose 66*k - 2*u + 6 = 71*k, -4*u - 8 = 0. Calculate the greatest common factor of 250 and k.
2
Let o = 176 - 29. Calculate the greatest common factor of 98 and o.
49
Let u = -6 - -14. Let q be (14/3 - 5)*-6. Suppose 2*y - u + q = 0. Calculate the greatest common divisor of y and 12.
3
Let j(t) = 14*t + 4. Let n be j(10). What is the highest common factor of n and 3?
3
Let f(t) = -28*t - 2*t**2 - 15 - 8 + 0 + 7. Let c be f(-13). What is the greatest common factor of 5 and c?
5
Suppose -4*o = 2*h + 8, 3*h + 4 + 4 = -5*o. Suppose 4*g - 6*g